inder when 29866 is divided by 2099?
480
Calculate the remainder when 994820 is divided by 273.
8
Calculate the remainder when 180139578 is divided by 90069782.
14
What is the remainder when 820849 is divided by 949?
913
What is the remainder when 3026645 is divided by 336292?
17
What is the remainder when 19441489 is divided by 77?
67
What is the remainder when 149039135 is divided by 417?
416
Calculate the remainder when 157057151 is divided by 38.
35
What is the remainder when 1559907 is divided by 870?
867
What is the remainder when 345620 is divided by 22550?
7370
What is the remainder when 1534340 is divided by 84?
80
Calculate the remainder when 34699259 is divided by 15.
14
Calculate the remainder when 89551870 is divided by 5688.
5686
Calculate the remainder when 59331 is divided by 349.
1
What is the remainder when 454432944 is divided by 2901?
2898
Calculate the remainder when 644871 is divided by 58.
27
Calculate the remainder when 74043 is divided by 661.
11
What is the remainder when 3166493 is divided by 23808?
29
What is the remainder when 42925300 is divided by 65635?
10
What is the remainder when 3753424 is divided by 620?
564
Calculate the remainder when 7420 is divided by 1877.
1789
What is the remainder when 2545468 is divided by 12725?
468
Calculate the remainder when 127591 is divided by 25127.
1956
Calculate the remainder when 245900 is divided by 18341.
7467
What is the remainder when 55564756 is divided by 120270?
16
What is the remainder when 7765920 is divided by 578?
490
What is the remainder when 129216 is divided by 43028?
132
Calculate the remainder when 1055110 is divided by 75364.
14
What is the remainder when 2029605 is divided by 2399?
51
Calculate the remainder when 147547 is divided by 36879.
31
What is the remainder when 1940666 is divided by 82?
54
Calculate the remainder when 101858397 is divided by 10.
7
Calculate the remainder when 119094 is divided by 1156.
26
Calculate the remainder when 12085935 is divided by 16.
15
What is the remainder when 110153 is divided by 1133?
252
What is the remainder when 1024093 is divided by 5884?
277
What is the remainder when 7015452 is divided by 45?
42
What is the remainder when 4645378 is divided by 290335?
18
What is the remainder when 517816 is divided by 341?
178
Calculate the remainder when 185154114 is divided by 421.
419
Calculate the remainder when 242788 is divided by 145.
58
Calculate the remainder when 12221660 is divided by 2752.
28
What is the remainder when 49690 is divided by 112?
74
What is the remainder when 3732144 is divided by 933033?
12
What is the remainder when 697243 is divided by 829?
54
Calculate the remainder when 110502 is divided by 420.
42
Calculate the remainder when 67578437 is divided by 189.
164
What is the remainder when 6580382 is divided by 18801?
32
What is the remainder when 11683 is divided by 828?
91
What is the remainder when 355196 is divided by 61?
54
What is the remainder when 86818 is divided by 868?
18
What is the remainder when 2608921 is divided by 130?
81
Calculate the remainder when 1554397 is divided by 31086.
97
Calculate the remainder when 80373279 is divided by 104.
103
Calculate the remainder when 6544955 is divided by 66.
65
Calculate the remainder when 306187 is divided by 2488.
163
What is the remainder when 1915039934 is divided by 136?
134
Calculate the remainder when 1755659 is divided by 116.
115
What is the remainder when 46306 is divided by 351?
325
Calculate the remainder when 2234261 is divided by 31.
29
What is the remainder when 79266384 is divided by 629098?
36
Calculate the remainder when 2230432 is divided by 2539.
1190
What is the remainder when 119083 is divided by 1548?
1435
What is the remainder when 245916 is divided by 9106?
54
What is the remainder when 23614215 is divided by 11807106?
3
Calculate the remainder when 82128327 is divided by 15.
12
Calculate the remainder when 9385614 is divided by 11200.
14
Calculate the remainder when 8096421 is divided by 916.
813
Calculate the remainder when 163348 is divided by 690.
508
What is the remainder when 24741 is divided by 851?
62
Calculate the remainder when 183226371 is divided by 91613185.
1
Calculate the remainder when 440777 is divided by 27544.
73
Calculate the remainder when 88634105 is divided by 79.
55
What is the remainder when 125165 is divided by 31291?
1
Calculate the remainder when 9942304 is divided by 9942298.
6
What is the remainder when 3966156 is divided by 69?
36
What is the remainder when 20806162 is divided by 20?
2
Calculate the remainder when 168110276 is divided by 153.
149
Calculate the remainder when 47818170 is divided by 987.
981
What is the remainder when 221540 is divided by 22152?
20
What is the remainder when 1434494 is divided by 3059?
2882
What is the remainder when 17965414 is divided by 860?
14
What is the remainder when 11534216 is divided by 1668?
1664
What is the remainder when 1545 is divided by 1130?
415
What is the remainder when 970590 is divided by 7033?
36
Calculate the remainder when 153205 is divided by 30.
25
Calculate the remainder when 70359 is divided by 2608.
2551
What is the remainder when 1036831 is divided by 172795?
61
Calculate the remainder when 452276 is divided by 90433.
111
Calculate the remainder when 3877935 is divided by 148.
39
What is the remainder when 43264 is divided by 713?
484
Calculate the remainder when 3677436 is divided by 52.
48
Calculate the remainder when 7636939 is divided by 18.
7
What is the remainder when 19208 is divided by 285?
113
Calculate the remainder when 20833474 is divided by 65.
64
Calculate the remainder when 255884 is divided by 2371.
2187
What is the remainder when 51446 is divided by 1498?
514
What is the remainder when 15661648 is divided by 50?
48
Calculate the remainder when 28788572 is divided by 44.
32
Calculate the remainder when 552869 is divided by 32517.
80
Calculate the remainder when 732942 is divided by 366459.
24
Calculate the remainder when 38024 is divided by 7485.
599
What is the remainder when 1121395 is divided by 373740?
175
Calculate the remainder when 107538 is divided by 13625.
12163
Calculate the remainder when 1202287 is divided by 2608.
2607
Calculate the remainder when 1571863 is divided by 1160.
63
What is the remainder when 1174981 is divided by 39?
28
Calculate the remainder when 3183159 is divided by 19524.
747
What is the remainder when 602005 is divided by 1353?
1273
What is the remainder when 7202313 is divided by 200064?
9
What is the remainder when 3369980 is divided by 22026?
2
Calculate the remainder when 22722803 is divided by 78.
77
What is the remainder when 2696624 is divided by 75?
74
What is the remainder when 1642981 is divided by 24522?
7
What is the remainder when 5930164 is divided by 5978?
5966
What is the remainder when 7127374 is divided by 2375636?
466
Calculate the remainder when 3689057 is divided by 3477.
3437
Calculate the remainder when 3101445 is divided by 1127.
1068
What is the remainder when 707502 is divided by 2498?
568
Calculate the remainder when 8046 is divided by 664.
78
What is the remainder when 84726730 is divided by 121?
110
Calculate the remainder when 1358168 is divided by 2587.
2580
Calculate the remainder when 428933 is divided by 141.
11
Calculate the remainder when 5485303 is divided by 3061.
3052
What is the remainder when 6586 is divided by 1019?
472
Calculate the remainder when 1053598 is divided by 526768.
62
What is the remainder when 2261245 is divided by 155?
105
Calculate the remainder when 4125524 is divided by 99.
95
What is the remainder when 252357041 is divided by 15?
11
Calculate the remainder when 330162 is divided by 999.
492
Calculate the remainder when 9981190 is divided by 6632.
30
What is the remainder when 490341 is divided by 913?
60
What is the remainder when 2007819 is divided by 91264?
11
Calculate the remainder when 25227058 is divided by 49.
45
What is the remainder when 2470053 is divided by 2074?
1993
Calculate the remainder when 11011878 is divided by 290.
288
What is the remainder when 76181 is divided by 8448?
149
What is the remainder when 177111 is divided by 752?
391
Calculate the remainder when 113715 is divided by 4364.
251
What is